{"id":7,"date":"2017-04-22T11:52:55","date_gmt":"2017-04-22T11:52:55","guid":{"rendered":"https:\/\/paulshobbywerkstatt.de\/?page_id=7"},"modified":"2023-02-09T14:16:14","modified_gmt":"2023-02-09T13:16:14","slug":"startseite","status":"publish","type":"page","link":"https:\/\/paulshobbywerkstatt.de\/","title":{"rendered":""},"content":{"rendered":"\n<p class=\"has-text-align-center has-large-font-size\"><strong>Holzarbeiten zu vielen Anl\u00e4ssen<\/strong><\/p>\n\n\n\n<p class=\"has-text-align-center has-medium-font-size\"><strong>100% Handarbei<\/strong>t<\/p>\n\n\n\n<p class=\"has-text-align-center\"><strong>In meiner Werkstatt pr\u00e4sentiere ich ein vielseitiges Angebot zu verschiedenen Themenbereichen und Feiern. <\/strong><br><strong>Ich bin offen f\u00fcr alle Anfragen und bereit zum Anfertigen neuer Ideen.<\/strong><br><strong>Schauen Sie sich meine Bildergalerie an und Sie werden etwas Passendes finden! <\/strong><\/p>\n\n\n<p style=\"text-align: center;\"><img loading=\"lazy\" decoding=\"async\" class=\"wp-image-38 aligncenter\" src=\"http:\/\/paulshobbywerkstatt.de\/wp-content\/uploads\/2017\/04\/logopapa_versuche-300x212.jpg\" alt=\"\" width=\"549\" height=\"388\" srcset=\"https:\/\/paulshobbywerkstatt.de\/wp-content\/uploads\/2017\/04\/logopapa_versuche-300x212.jpg 300w, https:\/\/paulshobbywerkstatt.de\/wp-content\/uploads\/2017\/04\/logopapa_versuche-768x543.jpg 768w, https:\/\/paulshobbywerkstatt.de\/wp-content\/uploads\/2017\/04\/logopapa_versuche-1024x724.jpg 1024w, https:\/\/paulshobbywerkstatt.de\/wp-content\/uploads\/2017\/04\/logopapa_versuche-982x694.jpg 982w, https:\/\/paulshobbywerkstatt.de\/wp-content\/uploads\/2017\/04\/logopapa_versuche-400x283.jpg 400w\" sizes=\"auto, (max-width: 549px) 100vw, 549px\" \/><strong>Preise und Bestellungen auf Anfrage!<\/strong><\/p>","protected":false},"excerpt":{"rendered":"<p>Holzarbeiten zu vielen Anl\u00e4ssen 100% Handarbeit In meiner Werkstatt pr\u00e4sentiere ich ein vielseitiges Angebot zu verschiedenen Themenbereichen und Feiern. Ich bin offen f\u00fcr alle Anfragen und bereit zum Anfertigen neuer Ideen.Schauen Sie sich meine Bildergalerie an und Sie werden etwas Passendes finden! Preise und Bestellungen auf Anfrage!<\/p>\n","protected":false},"author":1,"featured_media":0,"parent":0,"menu_order":0,"comment_status":"closed","ping_status":"closed","template":"","meta":{"footnotes":""},"class_list":["post-7","page","type-page","status-publish","hentry"],"_links":{"self":[{"href":"https:\/\/paulshobbywerkstatt.de\/index.php?rest_route=\/wp\/v2\/pages\/7","targetHints":{"allow":["GET"]}}],"collection":[{"href":"https:\/\/paulshobbywerkstatt.de\/index.php?rest_route=\/wp\/v2\/pages"}],"about":[{"href":"https:\/\/paulshobbywerkstatt.de\/index.php?rest_route=\/wp\/v2\/types\/page"}],"author":[{"embeddable":true,"href":"https:\/\/paulshobbywerkstatt.de\/index.php?rest_route=\/wp\/v2\/users\/1"}],"replies":[{"embeddable":true,"href":"https:\/\/paulshobbywerkstatt.de\/index.php?rest_route=%2Fwp%2Fv2%2Fcomments&post=7"}],"version-history":[{"count":14,"href":"https:\/\/paulshobbywerkstatt.de\/index.php?rest_route=\/wp\/v2\/pages\/7\/revisions"}],"predecessor-version":[{"id":223,"href":"https:\/\/paulshobbywerkstatt.de\/index.php?rest_route=\/wp\/v2\/pages\/7\/revisions\/223"}],"wp:attachment":[{"href":"https:\/\/paulshobbywerkstatt.de\/index.php?rest_route=%2Fwp%2Fv2%2Fmedia&parent=7"}],"curies":[{"name":"wp","href":"https:\/\/api.w.org\/{rel}","templated":true}]}}